a (base 12) to base 9.
150767
-a7a18b (base 15) to base 4
-132130302113
124774 (base 16) to base 10
1197940
Convert 3725a17 (base 11) to base 10.
6479205
What is 232804 (base 9) in base 11?
96114
303410333 (base 5) to base 3
2022120221110
-220020100022 (base 3) to base 10
-477017
Convert 1031032303 (base 4) to base 10.
316339
What is 61108 (base 10) in base 16?
eeb4
80673 (base 13) to base 11
147554
Convert 1341554102 (base 6) to base 16.
f929f6
Convert -b588a (base 15) to base 5.
-121410210
What is 2110156 (base 7) in base 4?
332022010
Convert -4319613 (base 11) to base 6.
-430454101
Convert 31031200010 (base 4) to base 2.
1101001101100000000100
Convert -3616171 (base 8) to base 9.
-1768425
What is -1204242 (base 5) in base 15?
-69b7
-25000512 (base 6) to base 14
-169192
3025530 (base 7) to base 3
200021110100
-13112113010 (base 4) to base 12
-78ab18
Convert 1230302013 (base 4) to base 3.
211122012210
-12352437 (base 9) to base 10
-6057619
-5c159 (base 15) to base 13
-a3a34
-506100 (base 7) to base 5
-10224032
Convert -1125541 (base 6) to base 16.
-e3c5
What is 35615414 (base 8) in base 14?
1072908
101101100001100101111100 (base 2) to base 6
1103442204
-312032120001 (base 4) to base 6
-1224400333
-103013323000 (base 4) to base 13
-1066aa7
What is -20340423 (base 5) in base 15?
-34cad
What is 2645155 (base 8) in base 2?
10110100101001101101
Convert 2ba7d7 (base 15) to base 14.
3cd528
Convert -7315245 (base 8) to base 13.
-52c110
Convert 2351120 (base 7) to base 6.
10220122
What is 10414414 (base 5) in base 2?
10110011011010011
2101200110 (base 3) to base 4
23200302
What is 125c04 (base 14) in base 7?
5234604
279a323 (base 11) to base 16
497c4a
-2543167 (base 10) to base 16
-26ce3f
What is -31291 (base 12) in base 16?
-fb4d
-25472404 (base 8) to base 10
-5666052
What is -32100113 (base 4) in base 3?
-2222002122
Convert 212268 (base 9) to base 12.
61145
Convert 43ca3 (base 14) to base 10.
164391
What is -21100222010 (base 3) in base 9?
-240863
-1212200020 (base 3) to base 10
-36942
Convert 3333311 (base 4) to base 14.
5d77
What is -2a3264 (base 16) in base 2?
-1010100011001001100100
What is -3203233 (base 5) in base 2?
-1101000101000000
Convert -104898 (base 11) to base 3.
-22111200212
Convert -1992b (base 15) to base 9.
-135845
-130120012 (base 4) to base 16
-1c606
Convert -1407525 (base 9) to base 15.
-104148
Convert 27043204 (base 8) to base 11.
3460524
Convert -475256 (base 9) to base 5.
-33122411
Convert 298139 (base 15) to base 2.
111101000101011110110
What is -7bd062 (base 14) in base 11?
-2424974
What is 111059 (base 13) in base 14?
a6793
What is -2311112030 (base 4) in base 16?
-b558c
1251550 (base 8) to base 12
149ba0
What is -1799100 (base 11) in base 5?
-1234332122
What is 314424013 (base 6) in base 13?
11bc7c1
Convert 61861 (base 12) to base 4.
133012021
Convert 10022202 (base 4) to base 12.
9a56
-1330052102 (base 6) to base 9
-33030472
What is -2c1ab1 (base 14) in base 11?
-963173
Convert 12102000012 (base 3) to base 9.
172005
Convert -1011011010111110010 (base 2) to base 6.
-12004402
85552b (base 12) to base 15
2b84db
What is 5466094 (base 10) in base 6?
313053554
Convert -4a5784 (base 13) to base 3.
-10100120220012
What is -141021230 (base 5) in base 13?
-1c2a63
Convert 1a14683 (base 13) to base 7.
132625233
Convert 9957619 (base 10) to base 3.
200201220021201
What is 89c25 (base 13) in base 10?
250320
What is -11100100010001001010001 (base 2) in base 4?
-130202021101
Convert -bbf3 (base 16) to base 9.
-73001
Convert -111211110211 (base 3) to base 14.
-71315
What is 201052 (base 10) in base 11?
128065
Convert 10100101001000110011101 (base 2) to base 14.
a0c045
Convert 468a62a (base 11) to base 13.
1906c6c
Convert -21133302212 (base 4) to base 13.
-6921aa
Convert -18c864 (base 14) to base 5.
-211122421
What is 3420420423 (base 5) in base 6?
430420032
What is -1461998 (base 10) in base 6?
-51200302
111211300 (base 4) to base 6
1521224
-11152543 (base 6) to base 16
-535ef
What is -1111111011111111011 (base 2) in base 16?
-7f7fb
-2224300343 (base 5) to base 6
-253205551
1061443 (base 11) to base 13
502257
-10100212111222 (base 3) to base 13
-4a8169
Convert 2c6a5 (base 15) to base 7.
1134440
What is -2105154 (base 8) in base 15?
-b0c9e
What is 173416 (base 11) in base 14?
6d972
What is 324204 (base 16) in base 2?
1100100100001000000100
What is -1210110222002 (base 3) in base 11?
-5a1a28
-11411031231 (base 5) to base 4
-303001320222
1040804 (base 16) to base 3
1012001210102102
5b26a1 (base 12) to base 6
51352321
574187 (base 12) to base 15
1c8b81
Convert -2dbcc (base 15) to base 8.
-440520
220354 (base 7) to base 3
1221221201
c8549 (base 13) to base 7
3033050
What is 4945e3 (base 15) in base 10?
3507963
What is -ad70b (base 16) in base 7?
-6016112
What is -320011223 (base 4) in base 11?
-147674
-2605198 (base 12) to base 10
-7473860
Convert -12445152 (base 7) to base 8.
-4255502
b61a8 (base 13) to base 5
40441120
28230 (base 16) to base 13
59aa2
1221100012 (base 3) to base 4
21110030
-1478766 (base 10) to base 13
-3ca113
What is -25107 (base 8) in base 11?
-814a
What is 24036 (base 14) in base 16?
15730
Convert 428072 (base 10) to base 4.
1220200220
Convert 29712 (base 11) to base 14.
114c9
What is b677d9 (base 16) in base 8?
55473731
What is -11322120021 (base 4) in base 3?
-2220201222020
8424253 (base 9) to base 13
c19095
344103 (base 7) to base 13
21c7b
What is -1024433 (base 6) in base 16?
-c465
-90765 (base 11) to base 9
-222010
10104013 (base 6) to base 3
112122212100
Convert 23b5db (base 14) to base 11.
76532a
Convert -20434253 (base 6) to base 2.
-10010001011101111001
Convert -606847 (base 12) to base 2.
-101101111010100110111
What is -7596 (base 14) in base 15?
-604a
203311133331 (base 4) to base 14
1367765
22133111302 (base 4) to base 6
134534334
Convert 117726 (base 9) to base 12.
35320
What is 114441410 (base 7) in base 9?
14376162
What is -11863736 (base 9) in base 13?
-12911b2
What is 1058069 (base 14) in base 16?
7628ad
Convert 154a050 (base 12) to base 2.
10000100001001110111100
Convert -1896859 (base 10) to base 4.
-13033012123
What is -269645 (base 10) in base 16?
-41d4d
-1021100011121 (base 3) to base 14
-138471
Convert -a10797 (base 13) to base 9.
-7034134
Convert 212030222 (base 4) to base 8.
461452
Convert 446359 (base 11) to base 9.
1303501
Convert 26ab5 (base 14) to base 8.
272267
-215039 (base 10) to base 15
-43aae
Convert -7b60b (base 13) to base 14.
-5c07d
-442201421 (base 5) to base 11
-1097081
Convert 100342300 (base 6) to base 15.
23b413
ced4b (base 16) to base 6
30054043
What is 50673 (base 15) in base 12?
1033b3
Convert -22220001110112 (base 3) to base 11.
-2737a53
-1d0dee (base 15) to base 3
-2200011202122
What is 208830 (base 9) in base 4?
132122331
Convert 445304 (base 6) to base 2.
1001001001101000
Convert 129a95 (base 13) to base 15.
8d500
What is -4767745 (base 9) in base 2?
-1001110110111001111000
Convert 1277007 (base 10) to base 5.
311331012
Convert -133450 (base 10) to base 11.
-91299
-1482173 (base 9) to base 2
-11001000100111100010
-40da38 (base 14) to base 13
-5b846c
What is 1246cc8 (base 13) in base 3?
101201112120120
Convert 349 (base 16) to base 4.
31021
739964 (base 10) to base 16
b4a7c
Convert 7591660 (base 11) to base 6.
1153531334
Convert -54297 (base 11) to base 13.
-29b96
What is -2434749 (base 10) in base 11?
-1413299
What is -5597373 (base 10) in base 9?
-11471133
-38136 (base 12) to base 4
-102212322
a065670 (base 11) to base 14
2518c02
What is -5606433 (base 9) in base 2?
-1011100000011000100011
Convert 4505132 (base 6) to base 14.
5c848
What is -585ede (base 16) in base 11?
-32a6229
2120100041 (base 5) to base 4
100333331033
What is -55b902a (base 12) in base 5?
-13200332022
Convert 10641545 (base 7) to base 5.
214401420
Convert -104256044 (base 8) to base 13.
-3933356
What is e81c5 (base 15) in base 11?
4630a7
What is 3121310411 (base 5) in base 14?
bd6033
What is 13330323100 (base 4) in base 2?
111111100111011010000
1152600 (base 7) to base 3
21111020210
Convert 1926cc (base 15) to base 5.
303121132
Convert -73441 (base 11) to base 6.
-2143225
What is -1f8a7a (base 16) in base 12?
-838276
1589a87 (base 11) to base 7
32003536
What is 137428 (base 9) in base 10?
84185
-105